prime factors of 175888145.
5, 59, 596231
What are the prime factors of 473455116?
2, 3, 13151531
List the prime factors of 99736507.
13, 7672039
List the prime factors of 2184428430.
2, 3, 5, 17, 773, 1847
What are the prime factors of 580703937?
3, 11, 37, 475597
List the prime factors of 2147137825.
5, 7, 17, 269, 2683
What are the prime factors of 179223804?
2, 3, 1811, 2749
List the prime factors of 377165384.
2, 43, 53, 137, 151
What are the prime factors of 996405376?
2, 139, 56003
What are the prime factors of 720216827?
11, 29, 2257733
What are the prime factors of 183177440?
2, 5, 73, 15683
What are the prime factors of 750524966?
2, 19, 19750657
List the prime factors of 1459972634.
2, 729986317
List the prime factors of 1017887881.
1193, 853217
List the prime factors of 270527595.
3, 5, 13, 8209
What are the prime factors of 108095243?
163, 663161
List the prime factors of 75506426.
2, 4231, 8923
List the prime factors of 1648442697.
3, 11, 49952809
List the prime factors of 2156407585.
5, 17, 31, 818371
List the prime factors of 16467228.
2, 3, 103, 4441
List the prime factors of 1940495880.
2, 3, 5, 227, 71237
What are the prime factors of 478788650?
2, 5, 1093, 8761
What are the prime factors of 6300247452?
2, 3, 41, 131, 239, 409
What are the prime factors of 13371460?
2, 5, 103, 6491
List the prime factors of 270549928.
2, 11, 59, 107, 487
List the prime factors of 676438582.
2, 41, 157, 52543
List the prime factors of 262117376.
2, 131, 977
What are the prime factors of 4661279087?
83, 199, 241, 1171
List the prime factors of 32741073.
3, 3637897
List the prime factors of 344127463.
53, 1531, 4241
What are the prime factors of 4870954201?
41, 211, 563051
What are the prime factors of 1926326799?
3, 19, 3755023
List the prime factors of 78729120.
2, 3, 5, 54673
List the prime factors of 23442109.
23442109
What are the prime factors of 7633505?
5, 11, 47, 2953
List the prime factors of 40085145.
3, 5, 263, 1129
List the prime factors of 99302248.
2, 12412781
What are the prime factors of 2633628081?
3, 7, 73, 1717957
List the prime factors of 1840421843.
13, 23, 6155257
What are the prime factors of 12967516?
2, 3241879
What are the prime factors of 286291024?
2, 17893189
List the prime factors of 119951711.
11, 17, 641453
List the prime factors of 120271037.
120271037
List the prime factors of 509815780.
2, 5, 25490789
List the prime factors of 107982092.
2, 19, 1420817
What are the prime factors of 84943681?
84943681
What are the prime factors of 720391999?
720391999
List the prime factors of 344415428.
2, 7, 317, 38803
List the prime factors of 143979821.
143979821
List the prime factors of 1439368494.
2, 3, 107, 499, 4493
What are the prime factors of 461459009?
11, 269, 277, 563
List the prime factors of 151512059.
59, 2568001
What are the prime factors of 2357241046?
2, 17, 29, 2390711
List the prime factors of 13619433.
3, 43, 71, 1487
What are the prime factors of 2530936843?
2530936843
What are the prime factors of 458835402?
2, 3, 31, 2466857
What are the prime factors of 1427248566?
2, 3, 17, 1554737
List the prime factors of 2532554640.
2, 3, 5, 7, 11, 15227
What are the prime factors of 1275042?
2, 3, 212507
What are the prime factors of 60213443?
60213443
List the prime factors of 111776318.
2, 55888159
List the prime factors of 31418690.
2, 5, 23, 136603
List the prime factors of 1062509309.
1062509309
What are the prime factors of 551933328?
2, 3, 103, 111637
What are the prime factors of 3536241305?
5, 707248261
List the prime factors of 1273370350.
2, 5, 7, 10607
What are the prime factors of 2295585844?
2, 47, 12210563
What are the prime factors of 316635838?
2, 1783, 88793
What are the prime factors of 132771356?
2, 1193, 27823
List the prime factors of 95562176.
2, 1493159
List the prime factors of 3077379546.
2, 3, 67, 83, 149, 619
What are the prime factors of 21991392?
2, 3, 25453
List the prime factors of 2126848281.
3, 708949427
What are the prime factors of 4389802110?
2, 3, 5, 1031, 47309
What are the prime factors of 4645946342?
2, 421, 5517751
What are the prime factors of 89215427?
7, 31, 58733
What are the prime factors of 83046893?
83046893
List the prime factors of 609193384.
2, 43, 1770911
What are the prime factors of 165348205?
5, 11, 17, 89, 1987
List the prime factors of 1344721600.
2, 5, 840451
What are the prime factors of 151194176?
2, 7, 337487
List the prime factors of 3950184165.
3, 5, 263345611
What are the prime factors of 897639171?
3, 11, 13, 73, 28663
What are the prime factors of 29952560?
2, 5, 11, 101, 337
List the prime factors of 4232994253.
1579, 2680807
List the prime factors of 665396000.
2, 5, 166349
List the prime factors of 257833756.
2, 64458439
What are the prime factors of 2905990729?
23, 349, 362027
List the prime factors of 44142860.
2, 5, 2207143
What are the prime factors of 337913865?
3, 5, 89, 139, 607
What are the prime factors of 38620313?
2693, 14341
List the prime factors of 4507714939.
7, 13, 107, 462947
List the prime factors of 130786439.
7, 2669111
List the prime factors of 565567405.
5, 13, 1279, 6803
What are the prime factors of 1118249072?
2, 61, 1145747
List the prime factors of 3990756.
2, 3, 7, 11, 617
List the prime factors of 1246610875.
5, 677, 14731
What are the prime factors of 759729095?
5, 29, 5239511
What are the prime factors of 8026709?
1777, 4517
List the prime factors of 1010200816.
2, 19, 3323029
What are the prime factors of 1230357870?
2, 3, 5, 7, 587, 1109
What are the prime factors of 2183420?
2, 5, 109171
List the prime factors of 945828634.
2, 2503, 188939
List the prime factors of 1543007228.
2, 7, 197, 467, 599
What are the prime factors of 135324896?
2, 7, 17, 35537
What are the prime factors of 651855657?
3, 217285219
List the prime factors of 214211091.
3, 71403697
What are the prime factors of 143743?
143743
List the prime factors of 39970254.
2, 3, 6661709
List the prime factors of 125937893.
125937893
List the prime factors of 766436069.
7, 109490867
What are the prime factors of 1385765266?
2, 19, 36467507
List the prime factors of 81944557.
81944557
What are the prime factors of 1786358063?
7, 5208041
List the prime factors of 3121152665.
5, 233, 2679101
List the prime factors of 870678020.
2, 5, 29, 1501169
What are the prime factors of 43431187?
163, 266449
List the prime factors of 144812477.
17, 1901, 4481
What are the prime factors of 23787063?
3, 17, 107, 1453
What are the prime factors of 5361570814?
2, 617, 4344871
What are the prime factors of 29019898?
2, 107, 135607
List the prime factors of 958830106.
2, 13, 1777, 20753
List the prime factors of 5284832252.
2, 7, 59, 3199051
What are the prime factors of 121343543?
121343543
What are the prime factors of 93254861?
7, 103, 129341
What are the prime factors of 2276606755?
5, 455321351
What are the prime factors of 10992290?
2, 5, 31, 59, 601
What are the prime factors of 3160857042?
2, 3, 7, 2677, 9371
What are the prime factors of 3946839664?
2, 47, 107, 181, 271
What are the prime factors of 598823546?
2, 101, 109, 27197
List the prime factors of 235107665.
5, 13, 131, 27611
List the prime factors of 1209038769.
3, 23, 5840767
List the prime factors of 5918958474.
2, 3, 11, 13, 6898553
List the prime factors of 832704606.
2, 3, 46261367
What are the prime factors of 39979651?
4733, 8447
What are the prime factors of 71402131?
71402131
List the prime factors of 195328075.
5, 19, 23, 941
List the prime factors of 50972119.
11, 271, 17099
What are the prime factors of 1434649662?
2, 3, 29, 2748371
List the prime factors of 225318612.
2, 3, 17, 241, 4583
List the prime factors of 1188980170.
2, 5, 7, 17, 23, 43441
What are the prime factors of 224716787?
3083, 72889
List the prime factors of 6853001475.
3, 5, 91373353
List the prime factors of 62621164.
2, 15655291
List the prime factors of 4607166221.
7, 211, 937, 3329
What are the prime factors of 51334717?
7, 271, 27061
List the prime factors of 250095711.
3, 53, 1572929
List the prime factors of 74802595.
5, 7, 499, 4283
List the prime factors of 36948784.
2, 29, 79631
List the prime factors of 47804996.
2, 181, 66029
List the prime factors of 480043832.
2, 60005479
What are the prime factors of 127